
1916
Calculate the highest common divisor of 98 and 467999.
49
What is the greatest common factor of 379408 and 2208?
368
Calculate the greatest common divisor of 105 and 25130.
35
What is the greatest common divisor of 1258950 and 60?
30
Calculate the highest common factor of 6175 and 2565.
95
What is the greatest common divisor of 709771 and 37?
37
Calculate the greatest common divisor of 16748 and 636.
212
What is the greatest common divisor of 580575 and 225?
75
Calculate the greatest common divisor of 546 and 3164889.
273
Calculate the greatest common divisor of 41 and 73.
1
What is the greatest common divisor of 594 and 5786?
22
Calculate the greatest common factor of 214528 and 1600.
64
Calculate the greatest common divisor of 2868 and 35916.
12
Calculate the highest common factor of 72 and 41436.
36
Calculate the highest common factor of 13159877 and 2063.
2063
Calculate the greatest common factor of 624 and 442416.
624
What is the highest common divisor of 63 and 53073?
9
What is the greatest common factor of 154 and 1725493?
77
What is the greatest common divisor of 75 and 2191725?
75
What is the highest common factor of 280 and 570760?
40
What is the highest common factor of 19053 and 161622?
657
What is the highest common factor of 55559 and 91?
7
What is the greatest common factor of 16 and 15284?
4
Calculate the greatest common divisor of 7124 and 4160.
52
What is the greatest common factor of 1476 and 52758?
18
What is the highest common factor of 117698 and 448?
14
Calculate the highest common factor of 10 and 147845.
5
What is the highest common divisor of 2920 and 3320?
40
What is the greatest common divisor of 3 and 1008513?
3
What is the highest common factor of 1196 and 368?
92
What is the greatest common divisor of 68723 and 190?
19
What is the highest common factor of 154148 and 1?
1
Calculate the greatest common factor of 797 and 3.
1
Calculate the greatest common divisor of 2520342 and 1188.
594
Calculate the highest common factor of 455550 and 150.
150
What is the greatest common factor of 98704 and 432?
16
Calculate the highest common divisor of 39 and 293098.
13
What is the greatest common divisor of 5358 and 15510?
282
Calculate the highest common factor of 938 and 8848.
14
Calculate the highest common factor of 96372 and 84.
12
What is the greatest common factor of 58 and 389006?
58
Calculate the highest common divisor of 4792852 and 652.
652
Calculate the greatest common factor of 17248 and 112.
112
Calculate the greatest common factor of 2382 and 691177.
397
Calculate the highest common divisor of 27325 and 25.
25
Calculate the greatest common factor of 192 and 63968.
32
What is the greatest common divisor of 14210 and 5510?
290
What is the greatest common factor of 12 and 388182?
6
Calculate the greatest common divisor of 183483 and 1881.
171
Calculate the highest common factor of 22224 and 144.
48
Calculate the greatest common divisor of 267 and 2960585.
89
Calculate the highest common divisor of 26758 and 187.
17
Calculate the highest common divisor of 3738 and 97986.
42
What is the greatest common factor of 2268 and 11844?
252
What is the greatest common divisor of 8767 and 572?
11
What is the greatest common factor of 180306 and 318?
318
What is the greatest common factor of 536 and 630202?
134
What is the greatest common factor of 2844 and 11844?
36
What is the greatest common factor of 1273 and 969?
19
What is the greatest common divisor of 28300 and 2?
2
Calculate the greatest common factor of 400430 and 230.
230
Calculate the highest common divisor of 148 and 26566.
74
What is the greatest common divisor of 175749 and 21?
21
What is the highest common factor of 1073 and 257926?
29
What is the highest common factor of 1265 and 9185?
55
What is the highest common divisor of 24 and 40470?
6
What is the greatest common divisor of 222389 and 1?
1
Calculate the greatest common divisor of 28192 and 1088.
32
What is the highest common factor of 882221 and 1126?
563
What is the greatest common factor of 141 and 1092?
3
Calculate the highest common divisor of 150 and 453450.
150
Calculate the highest common factor of 21 and 6153.
21
Calculate the highest common divisor of 20 and 8665.
5
What is the highest common divisor of 111164 and 20?
4
What is the highest common divisor of 2020 and 44036?
404
Calculate the greatest common factor of 2838 and 28446.
66
Calculate the highest common divisor of 1133 and 4103.
11
Calculate the highest common divisor of 26808 and 872.
8
What is the greatest common factor of 255 and 16167?
51
What is the greatest common divisor of 135 and 39636?
27
Calculate the greatest common factor of 41119 and 39.
13
What is the highest common factor of 5364 and 151384?
596
Calculate the greatest common factor of 1723 and 128.
1
Calculate the highest common factor of 13433 and 4294.
19
Calculate the highest common factor of 711 and 1719.
9
Calculate the greatest common factor of 336 and 3437.
7
What is the highest common divisor of 3486 and 224?
14
Calculate the greatest common factor of 3289 and 24817.
299
Calculate the greatest common factor of 18032 and 6608.
112
What is the highest common divisor of 2570 and 7930?
10
Calculate the highest common factor of 1353 and 65641.
41
What is the greatest common divisor of 483 and 334236?
483
Calculate the highest common divisor of 74482 and 32112.
446
What is the highest common factor of 2710 and 92953?
271
What is the greatest common factor of 192481 and 355?
71
Calculate the greatest common factor of 12642 and 6909.
147
Calculate the greatest common factor of 114132 and 18.
6
Calculate the greatest common divisor of 1717 and 9639.
17
Calculate the highest common divisor of 7272 and 48.
24
Calculate the greatest common divisor of 1408 and 7246272.
704
What is the greatest common factor of 2425 and 466667?
97
Calculate the greatest common divisor of 9 and 3615579.
9
What is the highest common factor of 9515353 and 23?
23
What is the greatest common factor of 32 and 308488?
8
Calculate the greatest common divisor of 1643 and 19975594.
1643
What is the greatest common factor of 24281586 and 378?
378
What is the greatest common divisor of 141967 and 357?
119
Calculate the highest common factor of 7 and 10378354.
7
Calculate the highest common factor of 90 and 204705.
45
What is the greatest common divisor of 27981 and 207?
9
Calculate the highest common divisor of 42288 and 80.
16
Calculate the greatest common factor of 5513 and 298.
149
What is the highest common divisor of 1012 and 297068?
92
Calculate the highest common factor of 118 and 948602.
118
Calculate the greatest common divisor of 27958 and 2254.
14
What is the greatest common divisor of 1674 and 26778978?
1674
What is the greatest common divisor of 3105217 and 15211?
2173
What is the greatest common factor of 6963 and 2079?
33
Calculate the highest common divisor of 187701 and 444.
111
What is the highest common factor of 310337 and 83?
83
Calculate the highest common factor of 60 and 205.
5
Calculate the highest common factor of 3381 and 2940.
147
Calculate the highest common divisor of 945 and 4306680.
315
Calculate the highest common factor of 41455 and 205.
5
What is the greatest common divisor of 1644464 and 6505?
1301
What is the highest common divisor of 10656 and 285381?
333
Calculate the highest common factor of 7362 and 18702.
18
What is the greatest common divisor of 198 and 211698?
18
Calculate the greatest common factor of 4846991 and 613.
613
Calculate the greatest common factor of 16 and 290392.
8
Calculate the greatest common divisor of 12223 and 391.
17
Calculate the highest common factor of 44 and 1108.
4
Calculate the greatest common factor of 288 and 231678.
18
What is the highest common factor of 4 and 63964?
4
Calculate the highest common divisor of 115750 and 5.
5
What is the greatest common divisor of 21 and 57218?
7
What is the highest common factor of 459 and 2771?
17
What is the greatest common divisor of 90 and 2130030?
90
Calculate the greatest common divisor of 43 and 421.
1
Calculate the greatest common divisor of 72 and 22576.
8
What is the highest common factor of 862586 and 662?
662
Calculate the highest common factor of 40947 and 3.
3
Calculate the gr